tens digit of 14 + 8 - (d - 0)?
1
Suppose 51 = 4*o + 10*u - 15*u, -o - 3*u + 34 = 0. Suppose -7593 = -o*d + 18608. What is the tens digit of d?
7
Suppose -1245*j - 5*c - 46787 = -1248*j, 2*j - 31203 = c. What is the hundreds digit of j?
6
Let d(u) = 31*u**2 - 19*u + 20. Suppose -5*y + 5 + 15 = 4*f, f = 2*y - 8. What is the hundreds digit of d(y)?
4
Let p(u) = 13*u**2 + 72*u + 66. What is the thousands digit of p(-28)?
8
Suppose 81*x - 1473754 = 43*x. What is the tens digit of x?
8
Let v = -18 + 17. Let z be v + -1 - 1/1*-4. Suppose -4*w = 2*m - 324, 3*m + 12 = z*w + 506. What is the tens digit of m?
6
Suppose -4*x + 2*x = 2*d - 2, 0 = -x + 2*d + 4. What is the units digit of (-30)/x*(448/(-21) + 6)?
0
What is the tens digit of (-6)/14 + (-2198840)/(-490)?
8
Let c(o) = o**2 - o. Let x(p) = -4*p**2 + 5*p + 17. Let k(v) = -2*c(v) - x(v). Let r = 52 + -57. What is the units digit of k(r)?
8
What is the thousands digit of (-3)/15 + 1964340/75 + -21?
6
Let j = -392 - -397. Suppose -2*i = 6, -j*o = -o - 4*i - 2272. What is the units digit of o?
5
Suppose -10 = -5*s - 5*o, 15*s - 10*s - 2*o = 3. Suppose 7*u + 1837 = -305. What is the tens digit of 4/(-8)*s - u/4?
7
Suppose 9*m + 111 = 471. Suppose 3*g = 5*u - 2*g - m, g = -u + 4. What is the hundreds digit of (-8)/u*675/(-6)?
1
Let z(n) = 1585*n + 1626. What is the thousands digit of z(5)?
9
Let v(s) be the second derivative of -s**4/12 - 17*s**3/3 - 9*s**2/2 - s - 16. What is the tens digit of v(-11)?
4
Let n be (10/(9 - 4))/(4 + -6). What is the hundreds digit of -4*(n/(-8))/(38/(-54948))?
7
Let k(u) = 41370*u**2 - 583*u + 582. What is the hundreds digit of k(1)?
3
Let o = -6164 - -20658. What is the units digit of o?
4
Let y(w) = -3*w - 89. Let v be y(-29). What is the tens digit of (v - (-91)/35)*1825?
9
Suppose 0 = -5*t - 4*m + 36 + 124, -4*t = -4*m - 128. Let v = t + 122. What is the tens digit of v?
5
Let c(q) = 7095*q + 5222. What is the units digit of c(8)?
2
Suppose 2*y = y + 5*x + 10, 3*x = -3*y + 84. Let j = y - -453. What is the hundreds digit of j?
4
Let l(j) = j**2 - 11*j - 22. Let m be l(12). Let a = 66 - 33. Let i = m + a. What is the tens digit of i?
2
Suppose -702708 = -56*d + 506108. What is the tens digit of d?
8
Let h(x) = -3*x**2 - 37*x - 7. Let l be h(-12). Suppose 5*z = 20, 5*p - z + l*z - 4956 = 0. What is the units digit of p?
8
Suppose -5*x + 5*b + 65225 = 0, -31*x = -29*x - 5*b - 26093. What is the ten thousands digit of x?
1
Let t(n) = n**2 + 15*n - 30. Let u be t(2). Suppose -3*a + 1919 = 5*p, 20 = u*a + 28. What is the tens digit of p?
8
Suppose 0 = 2*v + h - 202 + 1523, 4*v + 2636 = -4*h. Let c = v - -1616. What is the units digit of c?
4
Let q be ((-28)/(-3))/(34/(-255)). Let y = q - -70. Suppose 3*c = 4*v - 467, 2*v = -y*v - 4*c + 206. What is the tens digit of v?
1
Let y = 48 + -51. Let l be (15/(-6))/(y/6). Suppose -614 = -l*w - 154. What is the tens digit of w?
9
Let c = 388 + 80. What is the units digit of 2 - (c/(-6) - 2)?
2
Let j(f) = 4*f**3 - 3*f**2 - 8*f - 10. Let v(t) = 9 - 3*t**3 - 29*t + 3*t**2 + 20*t + 17*t. Let n(a) = -4*j(a) - 5*v(a). What is the units digit of n(-4)?
3
Suppose o = 3*h - h - 4168, -5*h = 2*o - 10429. Suppose w = -2*m + 4*m + 513, 3*m - h = -4*w. What is the hundreds digit of w?
5
Let v be (-324)/(-42) - 25/35. Suppose i + 20 = 4*f + f, 3*i + 9 = -2*f. Suppose -q = -v*y + f*y + 462, 5*q + 10 = 0. What is the tens digit of y?
1
Let w be 222*(-1 + 0)/((-21)/21). Let q(y) = y**3 - 18*y**2 - 24*y - 27. Let g be q(19). Let u = g + w. What is the units digit of u?
0
Suppose -5*k - 5 = 10. Let c = k - -15. Suppose -630 = -2*b - c*b. What is the tens digit of b?
4
Suppose -39*g = -33*g - 36. Suppose -3*c + r = -312, -2*c + g*r - 4*r + 204 = 0. What is the tens digit of c?
0
Let a(j) = 3*j + 17. Let h be a(-5). Suppose 2*w = h*o + 14, 0*o - o = 4*w - 3. Suppose -t + 92 = 4*i, 3*t = -0*i - w*i + 256. What is the tens digit of t?
8
Suppose -5*u + 37952 - 4404 = 3*w, 22360 = 2*w - 2*u. What is the tens digit of w?
8
Let h be (160/7)/(62/217). Suppose h*j - 82*j = -732. What is the units digit of j?
6
Suppose 0 = 4*c - 2*f - 2, 2*c + 25 = 7*c + 2*f. Suppose -5*m = -2*v - 25, 6 = c*v + 4*m - 14. Suppose v = -34*l + 39*l - 735. What is the hundreds digit of l?
1
What is the thousands digit of 7283/2*(15 + (-17 - -14) - 10)?
7
Suppose -6*s = 36 - 150. Suppose 31*g = s*g + 13044. What is the thousands digit of g?
1
Suppose -558*c + 3150548 + 15093262 = 0. What is the hundreds digit of c?
6
Let s = -25 + 25. Suppose 10*k - 15*k = s. What is the units digit of 1 - (-3 - k)*13?
0
Let s(f) = f**2 + 16*f + 8. Let q be s(-15). Let z(a) = -a**3 - 8*a**2 - 6*a + 9. Let i be z(q). Suppose -i*d + 808 = 6*d. What is the units digit of d?
1
Let w(k) = 15*k**2 + 4*k + 12. Suppose 0*t - 2*n + 2 = 2*t, 4*t - 12 = -2*n. What is the hundreds digit of w(t)?
4
Suppose 204 = 16*i - 1796. Let l = i + -37. What is the tens digit of l?
8
Let u = -205 - -201. What is the hundreds digit of 588 + (3 + u - 2)?
5
Suppose -2*l + 4*l = 16. Suppose l = 9*x - x. What is the tens digit of (x - (-165)/(-6))*-4?
0
Suppose 5*m = -h - 0*h - 167, 3*h + 72 = -2*m. Let c = m + 7. Let x(y) = -y**3 - 27*y**2 - 26*y + 28. What is the units digit of x(c)?
8
Suppose -3*v = -4*z - 58917 - 39423, -65565 = -2*v + z. What is the tens digit of v?
8
Let r = 38966 - 22429. What is the thousands digit of r?
6
Suppose 29 = w + 5*k, 0*k + 4*k = 2*w + 12. Suppose w*r + 12 = 0, -r = c - 0*r + 75. Let q = c + 105. What is the tens digit of q?
3
Let k = -669 + 303. Let f = 1037 + k. What is the units digit of f?
1
Let t(c) = -7*c - 57. Let a = -37 - -38. Let j be -1 + a/(0 + 4/(-84)). What is the tens digit of t(j)?
9
Let k(q) = 35*q + 8. Let t be (4 - 28/4) + 3. Let u = t + 6. What is the units digit of k(u)?
8
Let u = 63 + -56. Suppose 3*s - u*s = 4*d - 448, -4*s + d = -448. What is the units digit of s?
2
Let h(q) = 11*q - 3. Let n be -3 - (-10 - (-2 + -2)). Let b be h(n). What is the hundreds digit of ((-8)/((-16)/b))/(9/60)?
1
Let g be 18/12 + 9/(-6). Let f = -6 + g. What is the tens digit of ((-267)/f + -2)*2?
8
Suppose -12*h - 9*h = -189. What is the hundreds digit of 6*h/18 + 1482?
4
Let k(f) = 6*f**3 + f**2 - 17*f - 19. Let b(s) = 7*s**3 - 16*s - 20. Let j(x) = -5*b(x) + 6*k(x). What is the tens digit of j(-6)?
1
Let r(u) = 2*u - 23. Let d be r(10). Let p be (d + 39/4)*(-1 - -5). Suppose -4*w = p - 147. What is the units digit of w?
0
Let l be -1 - 2 - 3*(-7 - -3). Let r = 316 - 128. Suppose g - l = r. What is the units digit of g?
7
Let i = -393 - -387. Let x(l) = 8*l**2 - l - 6. Let m(r) = 15*r**2 - 3*r - 11. Let z(a) = 6*m(a) - 11*x(a). What is the units digit of z(i)?
4
Let i(d) = -43*d**3 - 18*d**2 - 45*d + 48. What is the hundreds digit of i(-9)?
3
Suppose -247*b = 3*d - 250*b - 58314, -b = 7. What is the ten thousands digit of d?
1
Let n = 3473 + -1477. Suppose 0 = -m - q + 988, -20*q - n = -2*m - 18*q. What is the hundreds digit of m?
9
Suppose 549 = 58*t - 61*t. Let g = t + 342. What is the units digit of g?
9
Let k(y) = -2*y**3 + 74*y**2 - 49*y + 5. What is the tens digit of k(29)?
4
Suppose 4*c + 5*h - 1123 = 11595, 4*c + h - 12742 = 0. What is the units digit of c?
7
What is the tens digit of (1*7524)/(4/(-48)*-18)?
1
Let k be (0 + (-6)/(-8))/(17/(-68)). What is the hundreds digit of ((-126)/28)/(k/82)?
1
Let t be (-20)/8*(-5)/5*-2. What is the units digit of t/((-25)/(-3620))*(-1)/4?
1
Let o(b) = 781*b**2 + 163*b - 11. What is the thousands digit of o(-5)?
8
Let a(d) = 2*d**2 + 103*d - 299. What is the hundreds digit of a(38)?
5
Let w = 1734 + -1729. Suppose 2*p + n + 43 = 6*p, -25 = -5*n. Suppose -390 = -5*h - 5*b, -2*b = -w*b - p. What is the units digit of h?
2
Let z(u) = u + 20. Let q be z(-20). Suppose q = 2*i - 7*i - 30. Let v = 28 + i. What is the units digit of v?
2
Suppose 4*y + 8 = q, 5*q - 5*y - 8 = 2. Suppose q*r - r = -3. Suppose 0 = r*f - f - 96. What is the tens digit of f?
4
Let v = 67915 + -30823. What is the units digit of v?
2
Let c(q) = 2*q**2 - 15*q - 23. Let p be 190/(-5)*4/(-8). Let f be c(p). Suppose 15*u - 6*u = f. What is the tens digit of u?
4
Let g(o) = -o**2 - 5*o + 3. Let l be g(-4). Suppose l*f = -831 + 5283. What is the tens digit of f?
3
Suppose -3*d + 